s -21 (base 3) in base 6?
-11
What is -1233 (base 4) in base 2?
-1101111
What is -246 (base 8) in base 6?
-434
58 (base 12) to base 6
152
What is 63 (base 13) in base 11?
74
88 (base 11) to base 9
116
What is -74 (base 9) in base 14?
-4b
Convert -22 (base 3) to base 4.
-20
121 (base 5) to base 7
51
Convert -1200 (base 4) to base 14.
-6c
Convert -1 (base 9) to base 11.
-1
-85 (base 9) to base 7
-140
Convert -5 (base 7) to base 13.
-5
10 (base 2) to base 12
2
1 (base 7) to base 6
1
What is 1 (base 16) in base 7?
1
Convert a (base 14) to base 16.
a
What is -207 (base 12) in base 6?
-1211
a (base 16) to base 13
a
What is -5 (base 6) in base 15?
-5
What is 3 (base 15) in base 8?
3
2 (base 13) to base 8
2
Convert -2 (base 4) to base 6.
-2
32 (base 10) to base 7
44
-4 (base 5) to base 12
-4
-100 (base 4) to base 7
-22
-142 (base 16) to base 10
-322
What is 0 (base 4) in base 15?
0
233 (base 6) to base 12
79
435 (base 6) to base 2
10100111
What is -21 (base 10) in base 8?
-25
Convert 2 (base 16) to base 3.
2
Convert 3 (base 5) to base 13.
3
What is -5 (base 7) in base 2?
-101
-b (base 14) to base 6
-15
-c (base 16) to base 13
-c
What is 9 (base 10) in base 16?
9
Convert 11 (base 4) to base 2.
101
Convert 3 (base 14) to base 6.
3
38 (base 11) to base 12
35
What is -22 (base 5) in base 7?
-15
What is 10 (base 13) in base 12?
11
a (base 14) to base 16
a
22 (base 8) to base 10
18
15 (base 16) to base 14
17
Convert -7 (base 8) to base 11.
-7
Convert -1010101 (base 2) to base 12.
-71
3 (base 9) to base 15
3
Convert -156 (base 7) to base 4.
-1122
Convert 0 (base 6) to base 8.
0
3 (base 9) to base 3
10
What is 18 (base 10) in base 12?
16
-d (base 15) to base 7
-16
Convert 66 (base 13) to base 14.
60
What is -16 (base 10) in base 7?
-22
Convert -12 (base 5) to base 14.
-7
Convert -16 (base 16) to base 4.
-112
What is 10 (base 4) in base 5?
4
-3 (base 9) to base 12
-3
Convert 22110 (base 3) to base 13.
147
What is 5 (base 11) in base 2?
101
Convert 2 (base 7) to base 5.
2
1 (base 13) to base 11
1
What is -4 (base 13) in base 3?
-11
What is -623 (base 7) in base 15?
-15b
What is 23 (base 13) in base 5?
104
What is -100 (base 3) in base 4?
-21
-30 (base 16) to base 4
-300
Convert 10021 (base 3) to base 4.
1120
-40 (base 14) to base 11
-51
Convert -11 (base 4) to base 16.
-5
What is a (base 14) in base 8?
12
Convert -11110010 (base 2) to base 12.
-182
What is -1101111 (base 2) in base 3?
-11010
72 (base 8) to base 15
3d
What is 0 (base 5) in base 15?
0
What is -1101 (base 2) in base 10?
-13
Convert -101101 (base 2) to base 8.
-55
What is 4 (base 5) in base 16?
4
Convert -24 (base 14) to base 11.
-2a
Convert -33 (base 4) to base 12.
-13
0 (base 15) to base 11
0
What is -9 (base 11) in base 7?
-12
Convert 14 (base 13) to base 15.
12
What is 242 (base 6) in base 10?
98
Convert -11 (base 13) to base 3.
-112
Convert -2 (base 7) to base 10.
-2
Convert -11 (base 8) to base 12.
-9
What is 6 (base 8) in base 7?
6
Convert 96 (base 14) to base 8.
204
What is -3 (base 16) in base 10?
-3
What is 54 (base 12) in base 16?
40
Convert 10120 (base 4) to base 14.
160
-5 (base 13) to base 7
-5
Convert -20 (base 3) to base 13.
-6
What is -10 (base 14) in base 5?
-24
Convert -133 (base 5) to base 12.
-37
-4 (base 10) to base 3
-11
Convert 7 (base 15) to base 4.
13
What is -27 (base 16) in base 3?
-1110
1 (base 5) to base 16
1
Convert 30 (base 4) to base 5.
22
-232 (base 4) to base 8
-56
1101 (base 2) to base 3
111
1 (base 16) to base 12
1
Convert 2 (base 9) to base 16.
2
What is 3 (base 9) in base 5?
3
What is -1 (base 14) in base 15?
-1
2 (base 8) to base 12
2
What is -30 (base 5) in base 4?
-33
Convert 2 (base 15) to base 3.
2
41 (base 10) to base 4
221
What is 2 (base 3) in base 2?
10
340 (base 6) to base 13
a2
Convert -14 (base 9) to base 4.
-31
-6 (base 13) to base 8
-6
4 (base 9) to base 14
4
What is -24 (base 6) in base 11?
-15
13 (base 7) to base 6
14
211 (base 6) to base 8
117
What is -2 (base 5) in base 3?
-2
Convert -21 (base 7) to base 3.
-120
-5 (base 13) to base 14
-5
30 (base 16) to base 4
300
-18 (base 12) to base 14
-16
Convert 1001 (base 2) to base 8.
11
What is 1440 (base 5) in base 3?
100002
What is -4 (base 6) in base 5?
-4
What is -16 (base 15) in base 5?
-41
What is -4 (base 13) in base 10?
-4
Convert 111000 (base 2) to base 7.
110
16 (base 14) to base 2
10100
20 (base 4) to base 12
8
What is 1011001 (base 2) in base 12?
75
-2 (base 11) to base 9
-2
What is 10 (base 10) in base 12?
a
25 (base 6) to base 4
101
-9 (base 11) to base 15
-9
Convert 6 (base 10) to base 14.
6
Convert 4 (base 9) to base 16.
4
25 (base 9) to base 3
212
0 (base 11) to base 10
0
-16 (base 12) to base 4
-102
What is -1 (base 6) in base 16?
-1
-2 (base 16) to base 9
-2
Convert 19 (base 11) to base 9.
22
Convert -10 (base 6) to base 9.
-6
What is 6 (base 11) in base 16?
6
-10011 (base 2) to base 5
-34
What is 161 (base 10) in base 12?
115
What is 42 (base 8) in base 3?
1021
Convert -95 (base 11) to base 15.
-6e
Convert -14 (base 5) to base 11.
-9
3b (base 16) to base 8
73
Convert -14 (base 5) to base 2.
-1001
25 (base 9) to base 10
23
What is -6 (base 12) in base 10?
-6
a (base 16) to base 5
20
Convert -313 (base 7) to base 5.
-1112
2022 (base 4) to base 15
93
Convert 10100 (base 2) to base 8.
24
2 (base 10) to base 15
2
-4 (base 8) to base 16
-4
Convert 11120 (base 3) to base 15.
83
-6 (base 9) to base 13
-6
What is -66 (base 12) in base 2?
-1001110
What is 1 (base 6) in base 9?
1
What is 18 (base 14) in base 10?
22
What is -10 (base 6) in base 14?
-6
Convert -14 (base 9) to base 11.
-12
-2 (base 8) to base 12
-2
What is -23 (base 7) in base 10?
-17
What is -1101 (base 2) in base 16?
-d
Convert 152 (base 9) to base 13.
9b
Convert -20 (base 14) to base 6.
-44
What is -22 (base 11) in base 7?
-33
What is -3 (base 11) in base 15?
-3
Convert -12112 (base 3) to base 2.
-10010101
Convert 10 (base 8) to base 13.
8
21 (base 10) to base 13
18
Convert -10 (base 2) to base 7.
-2
-255 (base 8) to base 3
-20102
-11 (base 4) to base 13
-5
-1 (base 14) to base 10
-1
What is -235 (base 6) in base 11?
-87
1 (base 3) to base 10
1
What is 27 (base 13) in base 16?
21
Convert -120 (base 12) to base 9.
-206
2 (base 4) to base 5
2
What is -321 (base 6) in base 11?
-100
Convert 100 (base 2) to base 3.
11
What is 66 (base 12) in base 11?
71
What is 4 (base 10) in base 2?
100
20210 (base 3) to base 13
111
Convert 3010 (base 4) to base 11.
169
Convert -3 (base 14) to base 7.
-3
What is 13 (base 5) in base 8?
10
7 (base 12) to base 2
111
Convert 26 (base 9) to base 3.
220
What is 223 (base 7) in base 12?
97
What is -12 (base 11) in base 10?
-13
Convert 28 (base 15) to base 5.
123
-14 (base 6) to base 5
-20
Convert -1 (base 3) to base 14.
-1
What is -5 (base 11) in base 16?
-5
174 (base 11) to base 9
244
Convert 2 (base 3) to base 13.
2
What is -6 (base 15) in base 9?
-6
What is -2 (base 15) in base 12?
-2
Convert 3 (base 4) to base 2.
11
Convert -3 (base 5) to base 3.
-10
Convert -7 (base 11) to base 3.
-21
What is 1 (base 5) in base 14?
1
What is -114 (base 6) in base 13?
-37
Convert 0 (base 7) to base 12.
0
What is -202 (base 3) in base 16?
-14
What is -5 (base 12) in base 15?
-5
Convert -1112 (base 3) to base 5.
-131
Convert 4 (base 7) to base 10.
4
5 (base 6) to base 2
101
5 (base 8) to base 7
5
What is 163 (base 11) in base 16?
be
Convert 17 (base 11) to base 13.
15
Convert -100 (base 2) to base 10.
-4
What is 3 (base 16) in base 2?
11
What is 4 (base 8) in base 13?
4
-1 (base 2) to base 12
-1
What is 323 (base 5) in base 2?
1011000
Convert 0 (base 2) to base 13.
0
Convert -14 (base 5) to base 15.
-9
Convert -13 (base 16) to base 6.
-31
7 (base 8) to base 5
12
Convert -3 (base 12) to base 8.
-3
What is -1034 (base 5) in base 10?
-144
Convert -6 (base 15) to base 7.
-6
Convert 222 (base 4) to base 15.
2c
What is -1 (base 3) in base 8?
-1
-341 (base 9) to base 12
-1b4
What is 10122 (base 3) in base 7?
200
-2c (base 16) to base 6
-112
What is 40 (base 6) in base 10?
24
What is 503 (base 6) in base 13?
111
Convert 2d (base 15) to base 12.
37
What is -1 (base 10) in base 16?
-1
400 (base 5) to base 13
79
4 (base 8) to base 3
11
-55 (base 6) to base 10
-35
Convert -14d (base 14) to base 8.
-411
Convert 21 (base 5) t